{"id":99,"date":"2023-10-20T03:46:45","date_gmt":"2023-10-20T03:46:45","guid":{"rendered":"https:\/\/formacioncontinua.une.edu.pe\/cfc\/?page_id=99"},"modified":"2023-10-23T16:52:58","modified_gmt":"2023-10-23T16:52:58","slug":"curso-de-actualizacion-el-paradigma-de-los-origenes-de-la-complejizacion-andina-la-civilizacion-caral","status":"publish","type":"page","link":"https:\/\/formacioncontinua.une.edu.pe\/cfc\/curso-de-actualizacion-el-paradigma-de-los-origenes-de-la-complejizacion-andina-la-civilizacion-caral\/","title":{"rendered":"CURSO DE ACTUALIZACI\u00d3N: EL PARADIGMA DE LOS OR\u00cdGENES DE LA COMPLEJIZACI\u00d3N ANDINA: LA CIVILIZACI\u00d3N CARAL"},"content":{"rendered":"\n\n\n<h5><\/h5><h5><span style=\"color:#e60000;\"><strong>INICIO DE CLASES<\/strong><\/span><\/h5>\n<strong>VIERNES 20 DE OCTUBRE<\/strong>\n\n\n\n\n\n\n\n\n\n\n\n\n\n\n<h6 style=\"text-align: center;\"><strong><span style=\"color:#e60000;\">MODALIDAD<\/span><br>\nVirtual con sesiones en vivo<\/strong><\/h6>\n\n\n\n<h6 style=\"text-align: center;\"><span style=\"font-weight: bold; color: rgb(230, 0, 0);\">HORARIO<\/span><br><b>06:30 &#8211; 9:30 pm<\/b><br><\/h6>\n\n\n\n<h6 style=\"text-align: center;\"><span style=\"font-weight: bold; color: rgb(230, 0, 0);\">FRECUENCIA<\/span><br><b>VIERNES<\/b><\/h6>\n\n\n\n<h6 style=\"text-align: center;\"><span style=\"font-weight: bold; color: rgb(230, 0, 0);\">FINALIZACI\u00d3N<\/span><br><b>NOVIEMBR<\/b><br><\/h6>\n\n\n\n\n<h4 style=\"color: rgb(255, 255, 255); background-color: rgb(0, 71, 178);\">PRESENTACI\u00d3N<\/h4>\n\n\n<span style=\"font-family: Verdana;\"><p><\/p><p><span style=\"font-size:normal;\">El presente curso es de naturaleza te\u00f3rico pr\u00e1ctico, cuyo prop\u00f3sito es actualizar a profesionales y alumnos de forma cr\u00edtica sobre las \u00faltimas investigaciones de la complejizaci\u00f3n social y cultural de la civilizaci\u00f3n andina, tomando como eje los \u00faltimos estudios realizados en el centro urbano de Caral y otros asentamientos investigados en el \u00e1rea norcentral, con lo cual se podr\u00e1 conocer la organizaci\u00f3n social, pol\u00edtica y econ\u00f3mica de los grupos sociales.<\/span><\/p><\/span><p><span style=\"font-size:normal;\"><\/span><\/p>\n\n\n\n\n<h4 style=\"color: rgb(255, 255, 255); background-color: rgb(0, 71, 178);\">BENEFICIOS<\/h4>\n\n\n\n\n\n<h4 style=\"color: rgb(255, 255, 255); background-color: rgb(0, 71, 178);\">PLAN DE ESTUDIO<\/h4>\n\n\n\n\n\n\n\n<h4 style=\"color: rgb(255, 255, 255); background-color: rgb(0, 71, 178);\">CERTIFICACI\u00d3N<\/h4>\n<p style=\"font-family: Verdana;\"><\/p><p style=\"\">Los participantes recibir\u00e1n el certificado codificado y firmado por la directora de&nbsp;<span style=\"background-color: var(--wp--preset--color--background); color: var(--wp--preset--color--primary);\">Centro de Formaci\u00f3n Continua y el Vicerrector Acad\u00e9mico de la UNE, solo si&nbsp;<\/span><span style=\"background-color: var(--wp--preset--color--background); color: var(--wp--preset--color--primary);\">cumplen con los siguientes requisitos:<\/span><\/p>\n<p style=\"\"><span style=\"background-color: var(--wp--preset--color--background); color: var(--wp--preset--color--primary);\"><\/span><\/p><p style=\"\"><ul><li>Asistencia al 90% a las clases virtuales<\/li><li>Cumplir con el 90% de las tareas asignadas<\/li><li>Calificaci\u00f3n m\u00ednima 11 (once).<\/li><\/ul><\/p><p><span style=\"font-size:normal;\"><\/span><\/p>\n\n\n\n\n<h4 style=\"color: rgb(255, 255, 255); background-color: rgb(0, 71, 178);\">REQUISITOS<\/h4>\n\n\n<ul><li>Ser docente o estudiante de la UNE (Especialidad Turismo y\nHoteler\u00eda, Geograf\u00eda o Historia)&nbsp;<\/li><li>Ficha de Matricula<\/li><\/ul>\n\n\n\n\n<h4 style=\"color: rgb(255, 255, 255); background-color: rgb(0, 71, 178);\">INFORMES<\/h4>\nAv. Enrique Guzm\u00e1n y Valle N\u00ba 951, La Cantuta-Chosica\n<p>\nTel\u00e9fono: (01) 313 &#8211; 3700 anexo 5035\n<\/p>\n<p>Celular:&nbsp; 937 290 788 \/ 914 579 234 \/ 992716104<\/p>\n<p>\nCorreo:&nbsp; &nbsp;centrocontinua@une.edu.pe \/ ehuamanr@une.edu.pe<\/p>\n\n\n","protected":false},"excerpt":{"rendered":"","protected":false},"author":1,"featured_media":0,"parent":0,"menu_order":0,"comment_status":"closed","ping_status":"closed","template":"","meta":{"pagelayer_contact_templates":[],"_pagelayer_content":"","footnotes":""},"class_list":["post-99","page","type-page","status-publish","hentry"],"_links":{"self":[{"href":"https:\/\/formacioncontinua.une.edu.pe\/cfc\/wp-json\/wp\/v2\/pages\/99","targetHints":{"allow":["GET"]}}],"collection":[{"href":"https:\/\/formacioncontinua.une.edu.pe\/cfc\/wp-json\/wp\/v2\/pages"}],"about":[{"href":"https:\/\/formacioncontinua.une.edu.pe\/cfc\/wp-json\/wp\/v2\/types\/page"}],"author":[{"embeddable":true,"href":"https:\/\/formacioncontinua.une.edu.pe\/cfc\/wp-json\/wp\/v2\/users\/1"}],"replies":[{"embeddable":true,"href":"https:\/\/formacioncontinua.une.edu.pe\/cfc\/wp-json\/wp\/v2\/comments?post=99"}],"version-history":[{"count":39,"href":"https:\/\/formacioncontinua.une.edu.pe\/cfc\/wp-json\/wp\/v2\/pages\/99\/revisions"}],"predecessor-version":[{"id":162,"href":"https:\/\/formacioncontinua.une.edu.pe\/cfc\/wp-json\/wp\/v2\/pages\/99\/revisions\/162"}],"wp:attachment":[{"href":"https:\/\/formacioncontinua.une.edu.pe\/cfc\/wp-json\/wp\/v2\/media?parent=99"}],"curies":[{"name":"wp","href":"https:\/\/api.w.org\/{rel}","templated":true}]}}

CURSO DE ACTUALIZACIÓN: EL PARADIGMA DE LOS ORÍGENES DE LA COMPLEJIZACIÓN ANDINA: LA CIVILIZACIÓN CARAL

<h5></h5><h5><span style="color:#e60000;"><strong>INICIO DE CLASES</strong></span></h5>
<strong>VIERNES 20 DE OCTUBRE</strong>














<h6 style="text-align: center;"><strong><span style="color:#e60000;">MODALIDAD</span><br>
Virtual con sesiones en vivo</strong></h6>



<h6 style="text-align: center;"><span style="font-weight: bold; color: rgb(230, 0, 0);">HORARIO</span><br><b>06:30 &#8211; 9:30 pm</b><br></h6>



<h6 style="text-align: center;"><span style="font-weight: bold; color: rgb(230, 0, 0);">FRECUENCIA</span><br><b>VIERNES</b></h6>



<h6 style="text-align: center;"><span style="font-weight: bold; color: rgb(230, 0, 0);">FINALIZACIÓN</span><br><b>NOVIEMBR</b><br></h6>




<h4 style="color: rgb(255, 255, 255); background-color: rgb(0, 71, 178);">PRESENTACIÓN</h4>


<span style="font-family: Verdana;"><p></p><p><span style="font-size:normal;">El presente curso es de naturaleza teórico práctico, cuyo propósito es actualizar a profesionales y alumnos de forma crítica sobre las últimas investigaciones de la complejización social y cultural de la civilización andina, tomando como eje los últimos estudios realizados en el centro urbano de Caral y otros asentamientos investigados en el área norcentral, con lo cual se podrá conocer la organización social, política y económica de los grupos sociales.</span></p></span><p><span style="font-size:normal;"></span></p>




<h4 style="color: rgb(255, 255, 255); background-color: rgb(0, 71, 178);">BENEFICIOS</h4>





<h4 style="color: rgb(255, 255, 255); background-color: rgb(0, 71, 178);">PLAN DE ESTUDIO</h4>







<h4 style="color: rgb(255, 255, 255); background-color: rgb(0, 71, 178);">CERTIFICACIÓN</h4>
<p style="font-family: Verdana;"></p><p style="">Los participantes recibirán el certificado codificado y firmado por la directora de&nbsp;<span style="background-color: var(--wp--preset--color--background); color: var(--wp--preset--color--primary);">Centro de Formación Continua y el Vicerrector Académico de la UNE, solo si&nbsp;</span><span style="background-color: var(--wp--preset--color--background); color: var(--wp--preset--color--primary);">cumplen con los siguientes requisitos:</span></p>
<p style=""><span style="background-color: var(--wp--preset--color--background); color: var(--wp--preset--color--primary);"></span></p><p style=""><ul><li>Asistencia al 90% a las clases virtuales</li><li>Cumplir con el 90% de las tareas asignadas</li><li>Calificación mínima 11 (once).</li></ul></p><p><span style="font-size:normal;"></span></p>




<h4 style="color: rgb(255, 255, 255); background-color: rgb(0, 71, 178);">REQUISITOS</h4>


<ul><li>Ser docente o estudiante de la UNE (Especialidad Turismo y
Hotelería, Geografía o Historia)&nbsp;</li><li>Ficha de Matricula</li></ul>




<h4 style="color: rgb(255, 255, 255); background-color: rgb(0, 71, 178);">INFORMES</h4>
Av. Enrique Guzmán y Valle Nº 951, La Cantuta-Chosica
<p>
Teléfono: (01) 313 &#8211; 3700 anexo 5035
</p>
<p>Celular:&nbsp; 937 290 788 / 914 579 234 / 992716104</p>
<p>
Correo:&nbsp; &nbsp;centrocontinua@une.edu.pe / ehuamanr@une.edu.pe</p>
